{"id":8578,"date":"2021-01-24T13:06:40","date_gmt":"2021-01-24T12:06:40","guid":{"rendered":"https:\/\/hannes-jaehnert.de\/wordpress\/?page_id=8578"},"modified":"2025-03-01T10:42:57","modified_gmt":"2025-03-01T09:42:57","slug":"projekte","status":"publish","type":"page","link":"https:\/\/hannes-jaehnert.de\/wordpress\/hannes-jaehnert\/projekte\/","title":{"rendered":"Gemacht"},"content":{"rendered":"\n<p>Machen ist wie Wollen, nur krasser! Ideen in die Welt zu bringen, ihnen Form zu geben und zu Innovationen wachsen zu sehen ist eine super Sache. Das seltsame Eigenleben deiner Projekte macht sie mehr zu Weggef\u00e4hrten als &#8216;Babys&#8217;. Das hei\u00dft auch, dass der gemeinsame Weg irgendwann endet.<\/p>\n\n\n\n<blockquote class=\"wp-block-quote is-layout-flow wp-block-quote-is-layout-flow\">\n<p>Und so lang du das nicht hast, \/ Dieses: Stirb und werde! \/ Bist du nur ein tr\u00fcber Gast \/ Auf der dunklen Erde.<\/p>\n\n\n\n<p>Johann Wolfgang von Goethe<\/p>\n<\/blockquote>\n\n\n\n<div class=\"wp-block-columns is-layout-flex wp-container-core-columns-is-layout-9d6595d7 wp-block-columns-is-layout-flex\">\n<div class=\"wp-block-column is-layout-flow wp-block-column-is-layout-flow\" style=\"flex-basis:33.33%\">\n<figure class=\"wp-block-image size-large\"><a href=\"https:\/\/hannes-jaehnert.de\/wordpress\/hannes-jaehnert\/projekte\/mach-mit\/\"><img loading=\"lazy\" decoding=\"async\" width=\"1024\" height=\"807\" src=\"https:\/\/hannes-jaehnert.de\/wordpress\/wp-content\/uploads\/2024\/12\/cover_mach-mit-magazin_SZ-8-21-1024x807.webp\" alt=\"Cover: Mach Mit - Ein Magazin \u00fcber Engagement und Ehrenamt in Deutschland\" class=\"wp-image-9573\" srcset=\"https:\/\/hannes-jaehnert.de\/wordpress\/wp-content\/uploads\/2024\/12\/cover_mach-mit-magazin_SZ-8-21-1024x807.webp 1024w, https:\/\/hannes-jaehnert.de\/wordpress\/wp-content\/uploads\/2024\/12\/cover_mach-mit-magazin_SZ-8-21-300x236.webp 300w, https:\/\/hannes-jaehnert.de\/wordpress\/wp-content\/uploads\/2024\/12\/cover_mach-mit-magazin_SZ-8-21-768x605.webp 768w, https:\/\/hannes-jaehnert.de\/wordpress\/wp-content\/uploads\/2024\/12\/cover_mach-mit-magazin_SZ-8-21-720x567.webp 720w, https:\/\/hannes-jaehnert.de\/wordpress\/wp-content\/uploads\/2024\/12\/cover_mach-mit-magazin_SZ-8-21-580x457.webp 580w, https:\/\/hannes-jaehnert.de\/wordpress\/wp-content\/uploads\/2024\/12\/cover_mach-mit-magazin_SZ-8-21-320x252.webp 320w, https:\/\/hannes-jaehnert.de\/wordpress\/wp-content\/uploads\/2024\/12\/cover_mach-mit-magazin_SZ-8-21-1320x1040.webp 1320w, https:\/\/hannes-jaehnert.de\/wordpress\/wp-content\/uploads\/2024\/12\/cover_mach-mit-magazin_SZ-8-21.webp 1415w\" sizes=\"auto, (max-width: 1024px) 100vw, 1024px\" \/><\/a><\/figure>\n<\/div>\n\n\n\n<div class=\"wp-block-column is-layout-flow wp-block-column-is-layout-flow\" style=\"flex-basis:66.66%\">\n<p>Es begann mit einem komischen Gef\u00fchl im Winter-Lockdown 2020\/21, nahm mit einem Brief von Franz M\u00fcntefering seinen Lauf und wurde zu einem Print-Magazin \u00fcber Engagement und Ehrenamt in Deutschland. Weil es eben beides braucht: Print und online, digital und analog. <\/p>\n\n\n\n<p><a href=\"https:\/\/hannes-jaehnert.de\/wordpress\/hannes-jaehnert\/projekte\/mach-mit\/\">&#8230; mehr zum Magazin &#8220;Mach Mit!&#8221; <\/a><\/p>\n<\/div>\n<\/div>\n\n\n\n<div class=\"wp-block-columns is-layout-flex wp-container-core-columns-is-layout-9d6595d7 wp-block-columns-is-layout-flex\">\n<div class=\"wp-block-column is-layout-flow wp-block-column-is-layout-flow\" style=\"flex-basis:33.33%\">\n<figure class=\"wp-block-image size-large is-style-default\"><a href=\"https:\/\/hannes-jaehnert.de\/wordpress\/hannes-jaehnert\/projekte\/freestyle-skating\/\"><img decoding=\"async\" src=\"https:\/\/hannes-jaehnert.de\/wordpress\/wp-content\/uploads\/2021\/01\/Symbolbild_gemacht-1024x1024.jpg\" alt=\"\" class=\"wp-image-8751\"\/><\/a><\/figure>\n<\/div>\n\n\n\n<div class=\"wp-block-column is-layout-flow wp-block-column-is-layout-flow\" style=\"flex-basis:66.66%\">\n<p>Freestyle durch Berlin und die Welt. Mit vereinten Kr\u00e4ften der Freestyle-Skating-Crew <a href=\"https:\/\/slalomplace.de\/\" target=\"_blank\" rel=\"noreferrer noopener\">Slalomplace<\/a> und tatkr\u00e4ftiger Unterst\u00fctzung aus Berlin, Deutschland und Europa haben wir das internationale Skatefestival &#8220;Inline Games&#8221; drei Jahre in Folge nach Berlin-Neuk\u00f6lln gebracht. <\/p>\n\n\n\n<p><a href=\"https:\/\/hannes-jaehnert.de\/wordpress\/hannes-jaehnert\/projekte\/freestyle-skating\/\">&#8230; mehr zu Freestyle &amp; den Inline Games<\/a><\/p>\n<\/div>\n<\/div>\n\n\n\n<div class=\"wp-block-columns is-layout-flex wp-container-core-columns-is-layout-9d6595d7 wp-block-columns-is-layout-flex\">\n<div class=\"wp-block-column is-layout-flow wp-block-column-is-layout-flow\" style=\"flex-basis:33.33%\">\n<figure class=\"wp-block-image size-large is-style-default\"><a href=\"https:\/\/hannes-jaehnert.de\/wordpress\/hannes-jaehnert\/projekte\/cross-media-day\/\"><img loading=\"lazy\" decoding=\"async\" width=\"1024\" height=\"1024\" src=\"https:\/\/hannes-jaehnert.de\/wordpress\/wp-content\/uploads\/2021\/02\/cross-media-day_claim-2019-1024x1024.jpg\" alt=\"\" class=\"wp-image-8944\" srcset=\"https:\/\/hannes-jaehnert.de\/wordpress\/wp-content\/uploads\/2021\/02\/cross-media-day_claim-2019-1024x1024.jpg 1024w, https:\/\/hannes-jaehnert.de\/wordpress\/wp-content\/uploads\/2021\/02\/cross-media-day_claim-2019-300x300.jpg 300w, https:\/\/hannes-jaehnert.de\/wordpress\/wp-content\/uploads\/2021\/02\/cross-media-day_claim-2019-150x150.jpg 150w, https:\/\/hannes-jaehnert.de\/wordpress\/wp-content\/uploads\/2021\/02\/cross-media-day_claim-2019-768x768.jpg 768w, https:\/\/hannes-jaehnert.de\/wordpress\/wp-content\/uploads\/2021\/02\/cross-media-day_claim-2019-1536x1536.jpg 1536w, https:\/\/hannes-jaehnert.de\/wordpress\/wp-content\/uploads\/2021\/02\/cross-media-day_claim-2019-2048x2048.jpg 2048w, https:\/\/hannes-jaehnert.de\/wordpress\/wp-content\/uploads\/2021\/02\/cross-media-day_claim-2019-1920x1920.jpg 1920w, https:\/\/hannes-jaehnert.de\/wordpress\/wp-content\/uploads\/2021\/02\/cross-media-day_claim-2019-720x720.jpg 720w, https:\/\/hannes-jaehnert.de\/wordpress\/wp-content\/uploads\/2021\/02\/cross-media-day_claim-2019-580x580.jpg 580w, https:\/\/hannes-jaehnert.de\/wordpress\/wp-content\/uploads\/2021\/02\/cross-media-day_claim-2019-320x320.jpg 320w, https:\/\/hannes-jaehnert.de\/wordpress\/wp-content\/uploads\/2021\/02\/cross-media-day_claim-2019-1320x1320.jpg 1320w\" sizes=\"auto, (max-width: 1024px) 100vw, 1024px\" \/><\/a><\/figure>\n<\/div>\n\n\n\n<div class=\"wp-block-column is-layout-flow wp-block-column-is-layout-flow\" style=\"flex-basis:66.66%\">\n<p>Soziale Innovation, Digitalisierung und Social Media zum Anfassen: Aus einer Idee beim Kaffee und einer tollen Community voller Macherinnen und Machen im Roten Kreuz ist der Cross Media Day entstanden. Der Pilot hob 2017 in Berlin ab, seither ist das Format auf Wanderschaft.<\/p>\n\n\n\n<p><a href=\"https:\/\/hannes-jaehnert.de\/wordpress\/hannes-jaehnert\/projekte\/cross-media-day\/\">&#8230; mehr zum Cross Media Day<\/a><\/p>\n<\/div>\n<\/div>\n\n\n\n<div class=\"wp-block-columns is-layout-flex wp-container-core-columns-is-layout-9d6595d7 wp-block-columns-is-layout-flex\">\n<div class=\"wp-block-column is-layout-flow wp-block-column-is-layout-flow\" style=\"flex-basis:33.33%\">\n<figure class=\"wp-block-image size-large\"><a href=\"https:\/\/hannes-jaehnert.de\/wordpress\/hannes-jaehnert\/projekte\/drk-wohlfahrt-de\/\"><img loading=\"lazy\" decoding=\"async\" width=\"300\" height=\"300\" src=\"https:\/\/hannes-jaehnert.de\/wordpress\/wp-content\/uploads\/2021\/05\/DRK-Wohlfahrt_symbol.png\" alt=\"\" class=\"wp-image-9209\" srcset=\"https:\/\/hannes-jaehnert.de\/wordpress\/wp-content\/uploads\/2021\/05\/DRK-Wohlfahrt_symbol.png 300w, https:\/\/hannes-jaehnert.de\/wordpress\/wp-content\/uploads\/2021\/05\/DRK-Wohlfahrt_symbol-150x150.png 150w\" sizes=\"auto, (max-width: 300px) 100vw, 300px\" \/><\/a><\/figure>\n<\/div>\n\n\n\n<div class=\"wp-block-column is-layout-flow wp-block-column-is-layout-flow\" style=\"flex-basis:66.66%\">\n<p>Mit digitaler \u00d6ffentlichkeitsarbeit der Wohlfahrt eine B\u00fchne und ihren Themen Gesichter geben: Der Relaunch der DRK-Wohlfahrt.de 2018 ging \u00fcber einen Facelift weit hinaus! Wenn Blogs je tot waren, sind sie durch dieses Projekt in der Wohlfahrtspflege wieder auferstanden. <\/p>\n\n\n\n<p><a href=\"https:\/\/hannes-jaehnert.de\/wordpress\/hannes-jaehnert\/projekte\/drk-wohlfahrt-de\/\">&#8230; mehr erfahren zur DRK-Wohlfahrt.de<\/a><\/p>\n<\/div>\n<\/div>\n\n\n\n<div class=\"wp-block-columns is-layout-flex wp-container-core-columns-is-layout-9d6595d7 wp-block-columns-is-layout-flex\">\n<div class=\"wp-block-column is-layout-flow wp-block-column-is-layout-flow\" style=\"flex-basis:33.33%\">\n<figure class=\"wp-block-image size-large\"><a href=\"https:\/\/hannes-jaehnert.de\/wordpress\/hannes-jaehnert\/projekte\/freizeitforschung\/\"><img loading=\"lazy\" decoding=\"async\" width=\"1024\" height=\"1024\" src=\"https:\/\/hannes-jaehnert.de\/wordpress\/wp-content\/uploads\/2021\/02\/hannes-jaehnert_geschrieben-1024x1024.jpg\" alt=\"\" class=\"wp-image-8908\" srcset=\"https:\/\/hannes-jaehnert.de\/wordpress\/wp-content\/uploads\/2021\/02\/hannes-jaehnert_geschrieben-1024x1024.jpg 1024w, https:\/\/hannes-jaehnert.de\/wordpress\/wp-content\/uploads\/2021\/02\/hannes-jaehnert_geschrieben-300x300.jpg 300w, https:\/\/hannes-jaehnert.de\/wordpress\/wp-content\/uploads\/2021\/02\/hannes-jaehnert_geschrieben-150x150.jpg 150w, https:\/\/hannes-jaehnert.de\/wordpress\/wp-content\/uploads\/2021\/02\/hannes-jaehnert_geschrieben-768x768.jpg 768w, https:\/\/hannes-jaehnert.de\/wordpress\/wp-content\/uploads\/2021\/02\/hannes-jaehnert_geschrieben-1536x1536.jpg 1536w, https:\/\/hannes-jaehnert.de\/wordpress\/wp-content\/uploads\/2021\/02\/hannes-jaehnert_geschrieben-1920x1920.jpg 1920w, https:\/\/hannes-jaehnert.de\/wordpress\/wp-content\/uploads\/2021\/02\/hannes-jaehnert_geschrieben-720x720.jpg 720w, https:\/\/hannes-jaehnert.de\/wordpress\/wp-content\/uploads\/2021\/02\/hannes-jaehnert_geschrieben-580x580.jpg 580w, https:\/\/hannes-jaehnert.de\/wordpress\/wp-content\/uploads\/2021\/02\/hannes-jaehnert_geschrieben-320x320.jpg 320w, https:\/\/hannes-jaehnert.de\/wordpress\/wp-content\/uploads\/2021\/02\/hannes-jaehnert_geschrieben-1320x1320.jpg 1320w, https:\/\/hannes-jaehnert.de\/wordpress\/wp-content\/uploads\/2021\/02\/hannes-jaehnert_geschrieben.jpg 2000w\" sizes=\"auto, (max-width: 1024px) 100vw, 1024px\" \/><\/a><\/figure>\n<\/div>\n\n\n\n<div class=\"wp-block-column is-layout-flow wp-block-column-is-layout-flow\" style=\"flex-basis:66.66%\">\n<p>Raus aus der Emp\u00f6rung, rein in die Daten! Mit Freizeit-Forschungsprojekt &#8220;Online-Volunteering in Deutschland&#8221; schickte ich mich an, zu erg\u00e4nzen, was im Hauptbericht des Freiwilligensurvey 2014 unter den Teppich gekehrt wurde: das Flexibilisierungspotential digitalen Engagements.<\/p>\n\n\n\n<p><a href=\"https:\/\/hannes-jaehnert.de\/wordpress\/hannes-jaehnert\/projekte\/freizeitforschung\/\">&#8230; mehr zur Freizeitforschung<\/a>       <\/p>\n<\/div>\n<\/div>\n","protected":false},"excerpt":{"rendered":"<p>Machen ist wie Wollen, nur krasser! Ideen in die Welt zu bringen, ihnen Form zu geben und zu Innovationen wachsen zu sehen ist eine super Sache. Das seltsame Eigenleben deiner Projekte macht sie mehr zu Weggef\u00e4hrten als &#8216;Babys&#8217;. Das hei\u00dft auch, dass der gemeinsame Weg irgendwann endet. Und so lang du das nicht hast, \/ [&hellip;]<\/p>\n","protected":false},"author":3,"featured_media":8911,"parent":8561,"menu_order":0,"comment_status":"closed","ping_status":"closed","template":"","meta":{"footnotes":""},"class_list":["post-8578","page","type-page","status-publish","has-post-thumbnail","hentry"],"yoast_head":"<!-- This site is optimized with the Yoast SEO plugin v27.2 - https:\/\/yoast.com\/product\/yoast-seo-wordpress\/ -->\n<title>Gemacht &#8902; Hannes J\u00e4hnert<\/title>\n<meta name=\"robots\" content=\"index, follow, max-snippet:-1, max-image-preview:large, max-video-preview:-1\" \/>\n<link rel=\"canonical\" href=\"https:\/\/hannes-jaehnert.de\/wordpress\/hannes-jaehnert\/projekte\/\" \/>\n<meta property=\"og:locale\" content=\"de_DE\" \/>\n<meta property=\"og:type\" content=\"article\" \/>\n<meta property=\"og:title\" content=\"Gemacht &#8902; Hannes J\u00e4hnert\" \/>\n<meta property=\"og:description\" content=\"Machen ist wie Wollen, nur krasser! Ideen in die Welt zu bringen, ihnen Form zu geben und zu Innovationen wachsen zu sehen ist eine super Sache. Das seltsame Eigenleben deiner Projekte macht sie mehr zu Weggef\u00e4hrten als &#8216;Babys&#8217;. Das hei\u00dft auch, dass der gemeinsame Weg irgendwann endet. Und so lang du das nicht hast, \/ [&hellip;]\" \/>\n<meta property=\"og:url\" content=\"https:\/\/hannes-jaehnert.de\/wordpress\/hannes-jaehnert\/projekte\/\" \/>\n<meta property=\"og:site_name\" content=\"Hannes J\u00e4hnert\" \/>\n<meta property=\"article:modified_time\" content=\"2025-03-01T09:42:57+00:00\" \/>\n<meta property=\"og:image\" content=\"https:\/\/hannes-jaehnert.de\/wordpress\/wp-content\/uploads\/2021\/02\/hannes-jaehnert_gemacht.jpg\" \/>\n\t<meta property=\"og:image:width\" content=\"2000\" \/>\n\t<meta property=\"og:image:height\" content=\"2000\" \/>\n\t<meta property=\"og:image:type\" content=\"image\/jpeg\" \/>\n<meta name=\"twitter:card\" content=\"summary_large_image\" \/>\n<meta name=\"twitter:label1\" content=\"Gesch\u00e4tzte Lesezeit\" \/>\n\t<meta name=\"twitter:data1\" content=\"3\u00a0Minuten\" \/>\n<script type=\"application\/ld+json\" class=\"yoast-schema-graph\">{\"@context\":\"https:\/\/schema.org\",\"@graph\":[{\"@type\":\"WebPage\",\"@id\":\"https:\/\/hannes-jaehnert.de\/wordpress\/hannes-jaehnert\/projekte\/\",\"url\":\"https:\/\/hannes-jaehnert.de\/wordpress\/hannes-jaehnert\/projekte\/\",\"name\":\"Gemacht &#8902; Hannes J\u00e4hnert\",\"isPartOf\":{\"@id\":\"https:\/\/hannes-jaehnert.de\/wordpress\/#website\"},\"primaryImageOfPage\":{\"@id\":\"https:\/\/hannes-jaehnert.de\/wordpress\/hannes-jaehnert\/projekte\/#primaryimage\"},\"image\":{\"@id\":\"https:\/\/hannes-jaehnert.de\/wordpress\/hannes-jaehnert\/projekte\/#primaryimage\"},\"thumbnailUrl\":\"https:\/\/hannes-jaehnert.de\/wordpress\/wp-content\/uploads\/2021\/02\/hannes-jaehnert_gemacht.jpg\",\"datePublished\":\"2021-01-24T12:06:40+00:00\",\"dateModified\":\"2025-03-01T09:42:57+00:00\",\"breadcrumb\":{\"@id\":\"https:\/\/hannes-jaehnert.de\/wordpress\/hannes-jaehnert\/projekte\/#breadcrumb\"},\"inLanguage\":\"de\",\"potentialAction\":[{\"@type\":\"ReadAction\",\"target\":[\"https:\/\/hannes-jaehnert.de\/wordpress\/hannes-jaehnert\/projekte\/\"]}]},{\"@type\":\"ImageObject\",\"inLanguage\":\"de\",\"@id\":\"https:\/\/hannes-jaehnert.de\/wordpress\/hannes-jaehnert\/projekte\/#primaryimage\",\"url\":\"https:\/\/hannes-jaehnert.de\/wordpress\/wp-content\/uploads\/2021\/02\/hannes-jaehnert_gemacht.jpg\",\"contentUrl\":\"https:\/\/hannes-jaehnert.de\/wordpress\/wp-content\/uploads\/2021\/02\/hannes-jaehnert_gemacht.jpg\",\"width\":2000,\"height\":2000},{\"@type\":\"BreadcrumbList\",\"@id\":\"https:\/\/hannes-jaehnert.de\/wordpress\/hannes-jaehnert\/projekte\/#breadcrumb\",\"itemListElement\":[{\"@type\":\"ListItem\",\"position\":1,\"name\":\"Home\",\"item\":\"https:\/\/hannes-jaehnert.de\/wordpress\/\"},{\"@type\":\"ListItem\",\"position\":2,\"name\":\"Hannes J\u00e4hnert\",\"item\":\"https:\/\/hannes-jaehnert.de\/wordpress\/hannes-jaehnert\/\"},{\"@type\":\"ListItem\",\"position\":3,\"name\":\"Gemacht\"}]},{\"@type\":\"WebSite\",\"@id\":\"https:\/\/hannes-jaehnert.de\/wordpress\/#website\",\"url\":\"https:\/\/hannes-jaehnert.de\/wordpress\/\",\"name\":\"Hannes J\u00e4hnert\",\"description\":\"Engagementblogger &amp; Freizeitforscher\",\"publisher\":{\"@id\":\"https:\/\/hannes-jaehnert.de\/wordpress\/#\/schema\/person\/1ab60f3bc0cd8e11ede09e5dc21d43b5\"},\"potentialAction\":[{\"@type\":\"SearchAction\",\"target\":{\"@type\":\"EntryPoint\",\"urlTemplate\":\"https:\/\/hannes-jaehnert.de\/wordpress\/?s={search_term_string}\"},\"query-input\":{\"@type\":\"PropertyValueSpecification\",\"valueRequired\":true,\"valueName\":\"search_term_string\"}}],\"inLanguage\":\"de\"},{\"@type\":[\"Person\",\"Organization\"],\"@id\":\"https:\/\/hannes-jaehnert.de\/wordpress\/#\/schema\/person\/1ab60f3bc0cd8e11ede09e5dc21d43b5\",\"name\":\"foulder\",\"image\":{\"@type\":\"ImageObject\",\"inLanguage\":\"de\",\"@id\":\"https:\/\/hannes-jaehnert.de\/wordpress\/wp-content\/uploads\/2021\/02\/hannes-jaehnert_gemacht.jpg\",\"url\":\"https:\/\/hannes-jaehnert.de\/wordpress\/wp-content\/uploads\/2021\/02\/hannes-jaehnert_gemacht.jpg\",\"contentUrl\":\"https:\/\/hannes-jaehnert.de\/wordpress\/wp-content\/uploads\/2021\/02\/hannes-jaehnert_gemacht.jpg\",\"width\":2000,\"height\":2000,\"caption\":\"foulder\"},\"logo\":{\"@id\":\"https:\/\/hannes-jaehnert.de\/wordpress\/wp-content\/uploads\/2021\/02\/hannes-jaehnert_gemacht.jpg\"}}]}<\/script>\n<!-- \/ Yoast SEO plugin. -->","yoast_head_json":{"title":"Gemacht &#8902; Hannes J\u00e4hnert","robots":{"index":"index","follow":"follow","max-snippet":"max-snippet:-1","max-image-preview":"max-image-preview:large","max-video-preview":"max-video-preview:-1"},"canonical":"https:\/\/hannes-jaehnert.de\/wordpress\/hannes-jaehnert\/projekte\/","og_locale":"de_DE","og_type":"article","og_title":"Gemacht &#8902; Hannes J\u00e4hnert","og_description":"Machen ist wie Wollen, nur krasser! Ideen in die Welt zu bringen, ihnen Form zu geben und zu Innovationen wachsen zu sehen ist eine super Sache. Das seltsame Eigenleben deiner Projekte macht sie mehr zu Weggef\u00e4hrten als &#8216;Babys&#8217;. Das hei\u00dft auch, dass der gemeinsame Weg irgendwann endet. Und so lang du das nicht hast, \/ [&hellip;]","og_url":"https:\/\/hannes-jaehnert.de\/wordpress\/hannes-jaehnert\/projekte\/","og_site_name":"Hannes J\u00e4hnert","article_modified_time":"2025-03-01T09:42:57+00:00","og_image":[{"width":2000,"height":2000,"url":"https:\/\/hannes-jaehnert.de\/wordpress\/wp-content\/uploads\/2021\/02\/hannes-jaehnert_gemacht.jpg","type":"image\/jpeg"}],"twitter_card":"summary_large_image","twitter_misc":{"Gesch\u00e4tzte Lesezeit":"3\u00a0Minuten"},"schema":{"@context":"https:\/\/schema.org","@graph":[{"@type":"WebPage","@id":"https:\/\/hannes-jaehnert.de\/wordpress\/hannes-jaehnert\/projekte\/","url":"https:\/\/hannes-jaehnert.de\/wordpress\/hannes-jaehnert\/projekte\/","name":"Gemacht &#8902; Hannes J\u00e4hnert","isPartOf":{"@id":"https:\/\/hannes-jaehnert.de\/wordpress\/#website"},"primaryImageOfPage":{"@id":"https:\/\/hannes-jaehnert.de\/wordpress\/hannes-jaehnert\/projekte\/#primaryimage"},"image":{"@id":"https:\/\/hannes-jaehnert.de\/wordpress\/hannes-jaehnert\/projekte\/#primaryimage"},"thumbnailUrl":"https:\/\/hannes-jaehnert.de\/wordpress\/wp-content\/uploads\/2021\/02\/hannes-jaehnert_gemacht.jpg","datePublished":"2021-01-24T12:06:40+00:00","dateModified":"2025-03-01T09:42:57+00:00","breadcrumb":{"@id":"https:\/\/hannes-jaehnert.de\/wordpress\/hannes-jaehnert\/projekte\/#breadcrumb"},"inLanguage":"de","potentialAction":[{"@type":"ReadAction","target":["https:\/\/hannes-jaehnert.de\/wordpress\/hannes-jaehnert\/projekte\/"]}]},{"@type":"ImageObject","inLanguage":"de","@id":"https:\/\/hannes-jaehnert.de\/wordpress\/hannes-jaehnert\/projekte\/#primaryimage","url":"https:\/\/hannes-jaehnert.de\/wordpress\/wp-content\/uploads\/2021\/02\/hannes-jaehnert_gemacht.jpg","contentUrl":"https:\/\/hannes-jaehnert.de\/wordpress\/wp-content\/uploads\/2021\/02\/hannes-jaehnert_gemacht.jpg","width":2000,"height":2000},{"@type":"BreadcrumbList","@id":"https:\/\/hannes-jaehnert.de\/wordpress\/hannes-jaehnert\/projekte\/#breadcrumb","itemListElement":[{"@type":"ListItem","position":1,"name":"Home","item":"https:\/\/hannes-jaehnert.de\/wordpress\/"},{"@type":"ListItem","position":2,"name":"Hannes J\u00e4hnert","item":"https:\/\/hannes-jaehnert.de\/wordpress\/hannes-jaehnert\/"},{"@type":"ListItem","position":3,"name":"Gemacht"}]},{"@type":"WebSite","@id":"https:\/\/hannes-jaehnert.de\/wordpress\/#website","url":"https:\/\/hannes-jaehnert.de\/wordpress\/","name":"Hannes J\u00e4hnert","description":"Engagementblogger &amp; Freizeitforscher","publisher":{"@id":"https:\/\/hannes-jaehnert.de\/wordpress\/#\/schema\/person\/1ab60f3bc0cd8e11ede09e5dc21d43b5"},"potentialAction":[{"@type":"SearchAction","target":{"@type":"EntryPoint","urlTemplate":"https:\/\/hannes-jaehnert.de\/wordpress\/?s={search_term_string}"},"query-input":{"@type":"PropertyValueSpecification","valueRequired":true,"valueName":"search_term_string"}}],"inLanguage":"de"},{"@type":["Person","Organization"],"@id":"https:\/\/hannes-jaehnert.de\/wordpress\/#\/schema\/person\/1ab60f3bc0cd8e11ede09e5dc21d43b5","name":"foulder","image":{"@type":"ImageObject","inLanguage":"de","@id":"https:\/\/hannes-jaehnert.de\/wordpress\/wp-content\/uploads\/2021\/02\/hannes-jaehnert_gemacht.jpg","url":"https:\/\/hannes-jaehnert.de\/wordpress\/wp-content\/uploads\/2021\/02\/hannes-jaehnert_gemacht.jpg","contentUrl":"https:\/\/hannes-jaehnert.de\/wordpress\/wp-content\/uploads\/2021\/02\/hannes-jaehnert_gemacht.jpg","width":2000,"height":2000,"caption":"foulder"},"logo":{"@id":"https:\/\/hannes-jaehnert.de\/wordpress\/wp-content\/uploads\/2021\/02\/hannes-jaehnert_gemacht.jpg"}}]}},"_links":{"self":[{"href":"https:\/\/hannes-jaehnert.de\/wordpress\/wp-json\/wp\/v2\/pages\/8578","targetHints":{"allow":["GET"]}}],"collection":[{"href":"https:\/\/hannes-jaehnert.de\/wordpress\/wp-json\/wp\/v2\/pages"}],"about":[{"href":"https:\/\/hannes-jaehnert.de\/wordpress\/wp-json\/wp\/v2\/types\/page"}],"author":[{"embeddable":true,"href":"https:\/\/hannes-jaehnert.de\/wordpress\/wp-json\/wp\/v2\/users\/3"}],"replies":[{"embeddable":true,"href":"https:\/\/hannes-jaehnert.de\/wordpress\/wp-json\/wp\/v2\/comments?post=8578"}],"version-history":[{"count":27,"href":"https:\/\/hannes-jaehnert.de\/wordpress\/wp-json\/wp\/v2\/pages\/8578\/revisions"}],"predecessor-version":[{"id":9650,"href":"https:\/\/hannes-jaehnert.de\/wordpress\/wp-json\/wp\/v2\/pages\/8578\/revisions\/9650"}],"up":[{"embeddable":true,"href":"https:\/\/hannes-jaehnert.de\/wordpress\/wp-json\/wp\/v2\/pages\/8561"}],"wp:featuredmedia":[{"embeddable":true,"href":"https:\/\/hannes-jaehnert.de\/wordpress\/wp-json\/wp\/v2\/media\/8911"}],"wp:attachment":[{"href":"https:\/\/hannes-jaehnert.de\/wordpress\/wp-json\/wp\/v2\/media?parent=8578"}],"curies":[{"name":"wp","href":"https:\/\/api.w.org\/{rel}","templated":true}]}}