{"id":8786,"date":"2021-01-30T18:43:04","date_gmt":"2021-01-30T17:43:04","guid":{"rendered":"https:\/\/hannes-jaehnert.de\/wordpress\/?page_id=8786"},"modified":"2025-02-02T10:48:55","modified_gmt":"2025-02-02T09:48:55","slug":"alle-publikationen","status":"publish","type":"page","link":"https:\/\/hannes-jaehnert.de\/wordpress\/hannes-jaehnert\/publikationen\/alle-publikationen\/","title":{"rendered":"ALLE PUBLIKATIONEN"},"content":{"rendered":"\n<ul class=\"wp-block-list\">\n<li>J\u00e4hnert, Hannes (2009): <a href=\"http:\/\/helliwood.mind.de\/~ehrenamt\/web\/pdf\/Thesenpapier_online-volunteering.pdf\" target=\"_blank\" rel=\"noreferrer noopener\">&#8220;Online-Volunteering&#8221;. Thesen f\u00fcr das freiwillige Online-Engagement in Deutschland<\/a>. Berlin.<\/li>\n\n\n\n<li>J\u00e4hnert, Hannes (2009): <a href=\"http:\/\/helliwood.mind.de\/~ehrenamt\/web\/pdf\/Freiwilliges%20Online-Engagement%20in%20Deutschland%20-%20Stand,%20Perspektiven,%20Herausforderungen%20.pdf\" target=\"_blank\" rel=\"noreferrer noopener\">Freiwilliges Online-Engagement in Deutschland. Stand, Perspektiven und Herausforderungen<\/a>. Berlin<\/li>\n\n\n\n<li>J\u00e4hnert, Hannes (2010): Freiwilligenarbeit \u00fcber das Internet. Ein neuer Weg f\u00fcr das freiwillige Engagement. in: Soziale Arbeit. Zeitschrift f\u00fcr soziale und sozialverwandte Gebiete. Oktober 2010 (Jg. 59). S. 392-399.<\/li>\n\n\n\n<li>J\u00e4hnert, Hannes (2010): Freiwilligenarbeit \u00fcber das Internet &#8211; Engagementf\u00f6rderung mit Mehrwert. in: Fundraiser. Das Branchenmagazin f\u00fcr Spendenmarketing, Stiftungen und Sponsoring (6\/2010). S. 20-21.<\/li>\n\n\n\n<li>Unger, Katrin \/ J\u00e4hnert, Hannes, (2011): <a href=\"https:\/\/www.hannes-jaehnert.de\/wordpress\/wp-content\/uploads\/wissenstransfer-aus-der-socialbar.pdf\" target=\"_blank\" rel=\"noreferrer noopener\">Wissenstransfer aus der SocialBar.<\/a> Eine qualitative Studie zu den Nutzungsgewohnheiten von Teilnehmenden. Berlin.<\/li>\n\n\n\n<li>J\u00e4hnert, Hannes (2011): Online-Volunteering &#8212; die Freiwilligenarbeit \u00fcber das Internet. in: Leitfaden Social Media f\u00fcr NGOs. Werkzeuge, Kampagnen und Fundraising 2.0 (Aufl. 2). Berlin.<\/li>\n\n\n\n<li>J\u00e4hnert, Hannes \/ Dittrich, Lisa (2011): Management von Online-Volunteers. Ein Handbuch. Berlin.<\/li>\n\n\n\n<li>J\u00e4hnert, Hannes (2011): Engagementpotentiale nutzen &#8211; Online Volunteer Management. In: Fundraiser. Das Branchenmagazin f\u00fcr Spendenmarketing, Stiftungen und Sponsoring (3\/2011), S. 46-47.<\/li>\n\n\n\n<li>J\u00e4hnert, Hannes (2011): <a href=\"http:\/\/www.praeventionstag.de\/nano.cms\/dokumentation\/details\/1657\" target=\"_blank\" rel=\"noreferrer noopener\">&#8220;Spass oder Gewalt&#8221; \u2013 Lernplattform zu sexualisierter Gewalt<\/a>. in: Kerner, Hans-J\u00fcrgen\/Marks, Erich (Hrsg.): Internetdokumentation des Deutschen Pr\u00e4ventionstages. Hannover.<\/li>\n\n\n\n<li>J\u00e4hnert, Hannes (2011): Wozu brauchen Engel Freiwillige? Einige Grundlagen guter Freiwilligenarbeit. In: startsocial (Hrsg.): Engel gesucht. Stipendiatenhandbuch 2011. M\u00fcnchen, S. 61f.<\/li>\n\n\n\n<li>J\u00e4hnert, Hannes \/ Breidenbach, Joana \/ Buchmann, Dennis (2011): &#8220;Das hat richtig Spa\u00df gemacht&#8221;. Freiwilliges Engagement in Deutschland. Eine Studie des betterplace LAB im Auftrag der ING DiBa. Berlin.<\/li>\n\n\n\n<li>J\u00e4hnert, Hannes (2011): <a href=\"https:\/\/hannes-jaehnert.de\/wordpress\/wp-content\/uploads\/2011-10-31_Vom_Flyer_zu_Facebook.pdf\" target=\"_blank\" rel=\"noreferrer noopener\">Vom Flyer zu Facebook &amp; Co<\/a>. Wie gewinnen wir zuk\u00fcnftig unsere Freiwilligen? Berlin.<\/li>\n\n\n\n<li>Fuhrmann, Raban D. \/ J\u00e4hnert, Hannes (2011): <a href=\"http:\/\/procedere.org\/wp-content\/uploads\/2012\/05\/wima-6-11-OPE-Perspektiven.pdf.\" target=\"_blank\" rel=\"noreferrer noopener\">\u00dcber sich hinauswachsen? Perspektiven akademischer Personal- oder Organisationsentwicklung.<\/a> In: wissenschaftsmanagement (6\/2011), S. 14-19.<\/li>\n\n\n\n<li>J\u00e4hnert, Hannes (2011): <a href=\"https:\/\/silo.tips\/download\/online-voluteering-ein-neuer-weg-zum-freiwilligen-engagement\" target=\"_blank\" rel=\"noreferrer noopener\">Online-Volunteering &#8212; ein neuer Weg zum freiwilligen Engagement<\/a>. Berlin, Wien.<\/li>\n\n\n\n<li>J\u00e4hnert, Hannes (2012): <a href=\"https:\/\/www.b-b-e.de\/fileadmin\/Redaktion\/05_Newsletter\/01_BBE_Newsletter\/bis_2017\/2012\/nl05_jaehnert_online-volunteering.pdf\" target=\"_blank\" rel=\"noreferrer noopener\">Was ist Online-Volunteering?<\/a> In: BBE-Newsletter (5\/2012).<\/li>\n\n\n\n<li>J\u00e4hnert, Hannes (2012): Online- und Micro-Volunteering &#8212; barrierefreies Engagement? In: BBE-Newsletter (17\/2012).<\/li>\n\n\n\n<li>J\u00e4hnert, Hannes (2012): <a href=\"https:\/\/opentransfer.de\/neue-tools-furs-ehrenamt-online-und-micro-volunteering-mit-der-zivicloud\/\" target=\"_blank\" rel=\"noreferrer noopener\">Ein neues Tool f\u00fcr&#8217;s Ehrenamt. Online- und Micro-Volunteering mit der ZiviCloud<\/a>. Berlin<\/li>\n\n\n\n<li>J\u00e4hnert, Hannes (2013): Freiheit in Gemeinschaft. \u00dcber neue Formen freiwilligen Engagements. In: <a href=\"http:\/\/www.merz-zeitschrift.de\/?HEFT_ID=106\" target=\"_blank\" rel=\"noreferrer noopener\">merz | medien + erziehung<\/a> (1\/2013), S. 51-56.<\/li>\n\n\n\n<li>J\u00e4hnert, Hannes (2013): Online-Volunteering. Engagement im Netz. In: Internet f\u00fcr NGOs. Leitfaden 2013. Berlin.<\/li>\n\n\n\n<li>J\u00e4hnert, Hannes (2013): Selbstreferenzielle Systeme? Diskussion des Beitrags von Bloggerinnen und Bloggern zur politischen Bildung am Beispiel der NPO-Blogparade. In Forschungsjournal Soziale Bewegung (2\/2013). (<a href=\"http:\/\/fjnsb.org\/jahrgaenge\/2013heft2\" target=\"_blank\" rel=\"noreferrer noopener\">Info zum Heft<\/a>)<\/li>\n\n\n\n<li>J\u00e4hnert, Hannes (2013): <a href=\"http:\/\/www.buergergesellschaft.de\/fileadmin\/pdf\/gastbeitrag_jaehnert_130830.pdf\" target=\"_blank\" rel=\"noreferrer noopener\">Social Media f\u00fcr Vereine und Initiativen<\/a>. In: Wegweiser B\u00fcrgergesellschaft (16\/2013).<\/li>\n\n\n\n<li>DRK-Generalsekretariat (Hsg.) (2014): Bundeseinheitliches Curriculum f\u00fcr ehrenamtliche Besuchsdienste im Deutschen Roten Kreuz. Berlin.<\/li>\n\n\n\n<li>J\u00e4hnert, Hannes (2014): Wie ein Lauffeuer. In: Diakonie Magazin (2\/2014).<\/li>\n\n\n\n<li>J\u00e4hnert, Hannes (2014): Handlungssicherheit in allt\u00e4glichen Begegnungen. In: Bl\u00e4tter der Wohlfahrtspflege (6\/2014).<\/li>\n\n\n\n<li>J\u00e4hnert, Hannes (2016): Online-Volunteering. In: Fundraising Akademie (Hrsg.): Fundraising. Handbuch f\u00fcr Grundlagen, Strategien und Methoden. (Aufl. 5) Berlin, Heidelberg.<\/li>\n\n\n\n<li>J\u00e4hnert, Hannes (2016): Internet, Social Media und Online-Volunteering im Deutschen Freiwilligensurvey 2014. In: BBE-Newsletter (15\/2016).<\/li>\n\n\n\n<li>J\u00e4hnert, Hannes \/ Weber, Mike (2017): <a href=\"https:\/\/hannes-jaehnert.de\/wordpress\/wp-content\/uploads\/2017\/06\/ImpulsPaper_FWS2019-Ja%CC%88hnert-Weber.pdf\" target=\"_blank\" rel=\"noreferrer noopener\">Die Digitalisierung des Ehrenamts im Blick.<\/a> Impulspapier zum Freiwilligensurvey 2019. Berlin.<\/li>\n\n\n\n<li>J\u00e4hnert, Hannes (2017): Rezension: &#8220;Freiwilligenmanagement in der Praxis&#8221;. In: Voluntaris &#8211; Zeitschrift f\u00fcr Freiwilligendienste (1\/2017), S. 153-156.<\/li>\n\n\n\n<li>J\u00e4hnert, Hannes (2017): Digital Corporate Volunteering. In: Dreesbach-Bundy, Suska \/ Scheck, Barbara (Hrsg.): CSR und Corporate Volunteering. Mitarbeiterengagement f\u00fcr gesellschaftliche Belange. Berlin.&nbsp;<\/li>\n\n\n\n<li>J\u00e4hnert, Hannes (2017): Digitales Engagement braucht &#8230;. Drei Impulse f\u00fcr die Diskussion. In: Klein, Ansgar \/ Sprengel, Rainer \/ Neuling, Johanna (Hrsg.): Ann\u00e4herung an die digitale Welt.&nbsp;Jahrbuch Engagementpolitik 2018. Frankfurt am Main.&nbsp;S. 156-161.&nbsp;<\/li>\n\n\n\n<li>J\u00e4hnert, Hannes (2018):&nbsp;Online-Volunteering: Mythen und Fakten zum digitalen Ehrenamt. In: BBE Europa-Nachrichten (4\/2018). (PDF)<\/li>\n\n\n\n<li>J\u00e4hnert, Hannes \/ Peranic, Katarina (2018): Digitales Ehrenamt: Praxis und Empirie. In: BBE-Newsletter (13\/2018).<\/li>\n\n\n\n<li>J\u00e4hnert, Hannes \/ Weber, Mike (2019): Partizipation und freiwilliges Engagement im digitalen Wandel. In: Skutta, Sabine \/ Steinke, Jo\u00df \/ Becker, Kassandra \/ Fehrecke-Harpke, Benjamin \/ Hener, Christian \/ Hepp, Alexandra \/ J\u00e4hnert, Hannes \/ Molter, Karolina \/ Saborowski, Nadja \/ St\u00fcckemann, Janine \/ Trisch, Oliver \/ Uelze, Kerstin \/ Wagner, Ulrike \/ Wabrowetz, Kathleen \/ Y\u00fczen, \u00dcmit (Hrsg.): Digitalisierung und Teilhabe. Mitmachen, mitdenken, mitgestalten! Baden-Baden. S. 57-84.<\/li>\n\n\n\n<li>J\u00e4hnert, Hannes (2019): Unsere Webseite, das sind wir! In: <a href=\"https:\/\/opentransfer.de\/wp-content\/uploads\/2019\/02\/E-Book-Digitalisierung.pdf\" target=\"_blank\" rel=\"noreferrer noopener\">Digitalisierung. Vom Buzz Word zur zivilgesellschaftlichen Praxis<\/a>. Berlin. 20-25.<\/li>\n\n\n\n<li>J\u00e4hnert, Hannes (2019): Digitales Ehrenamt gestalten! Aber wie? In: CKD (Hrsg.): Digital ist nicht egal! Soziales Ehrenamt in einer digitalen Gesellschaft. Ein Handbuch f\u00fcr Ehrenamtliche. Freiburg. S. 5-7.<\/li>\n\n\n\n<li>J\u00e4hnert, Hannes (2019): Den Online-Auftritt modernisieren. In: Wohlfahrt intern (3\/2019). S. 35.<\/li>\n\n\n\n<li>J\u00e4hnert, Hannes \/ Kusterer, Peter (2019): Das BBE und &#8220;Engagement macht stark!&#8221; \u2013 ein EKG der B\u00fcrgergesellschaft. In: BBE Newsletter (20\/2019). (PDF)<\/li>\n\n\n\n<li>J\u00e4hnert, Hannes (2020): Digitalisierung der B\u00fcrgergesellschaft: eine Gestaltungsaufgabe. In ZStV. Zeitschrift f\u00fcr Stiftungs- und Vereinswesen (2\/2020), S. 75-79.<\/li>\n\n\n\n<li>J\u00e4hnert, Hannes (2022): Neustart nach Corona. Die B\u00fcrgergesellschaft im digitalen Wandel. In: Zerth, J\u00fcrgen \/ Nass, Elmar \/ Garkisch, Michael (Hsg.): Leben und Versorgung gestalten nach Corona. Lernen und Lehren aus der Krise. Stuttgart, S. 63-73.<\/li>\n\n\n\n<li>J\u00e4hnert, Hannes (2022): B\u00fcrokratie in Engagement und Ehrenamt. Praktische Herausforderungen bei B\u00fcrokratieabbau und B\u00fcrgern\u00e4he. In: Voluntaris. Zeitschrift f\u00fcr Freiwilligendienste und zivilgesellschaftliches Engagement (2\/2022), S. 342-350.<\/li>\n\n\n\n<li>J\u00e4hnert, Hannes (2023): Rezension: Digitaler Wandel und Zivilgesellschaft. Positionen und Perspektiven. In: Voluntaris. Zeitschrift f\u00fcr Freiwilligendienste und zivilgesellschaftliches Engagement (2\/2023), S. 371-374.<\/li>\n\n\n\n<li>Perani\u0107, Katarina \/ J\u00e4hnert, Hannes (2024): Zivilgesellschaft in Bewegung. R\u00fcckblick auf den Digital Social Summit 2024. In: Stiftung &amp; Sponsoring. Das Magazin f\u00fcr Nonprofit-Management und -Marketing, S. 10-11.<\/li>\n\n\n\n<li>J\u00e4hnert, Hannes \/ Perani\u0107, Katarina (2024): How to Bundesstiftung? Schlaglichter aus drei Jahren Aufbauarbeit der Deutschen Stiftung f\u00fcr Engagement und Ehrenamt (DSEE). In: Berndt, R, von B\u00fcnau, F, Kreutter, P, Stolte, S (Hrsg.): Resiliente Organisationen und F\u00fchrung von Stiftungen, Wiesbaden.<\/li>\n\n\n\n<li>J\u00e4hnert, Hannes \/ Riekmann, Wibke (2024): Digitalisierung und Digitalit\u00e4t in Engagement und Ehrenamt. Grundlagen und Reflektionen zur digitalen B\u00fcrger- und Zivilgesellschaft. In: Gille, Christoph \/ Walter, Andrea \/ Bromabach, Hartmut \/ Haas, Benjamin \/ Vetter, Nicole (Hrsg): Zivilgesellschaftliches Engagement und Freiwilligendienste. Nomos Handbuch. Nomos-Verlag: Baden-Baden, S. 121-134. <\/li>\n<\/ul>\n\n\n\n<p><a href=\"https:\/\/hannes-jaehnert.de\/wordpress\/hannes-jaehnert\/publikationen\/\">zur\u00fcck<\/a><\/p>\n","protected":false},"excerpt":{"rendered":"<p>zur\u00fcck<\/p>\n","protected":false},"author":3,"featured_media":3510,"parent":8569,"menu_order":0,"comment_status":"closed","ping_status":"closed","template":"","meta":{"footnotes":""},"class_list":["post-8786","page","type-page","status-publish","has-post-thumbnail","hentry"],"yoast_head":"<!-- This site is optimized with the Yoast SEO plugin v27.2 - https:\/\/yoast.com\/product\/yoast-seo-wordpress\/ -->\n<title>ALLE PUBLIKATIONEN &#8902; Hannes J\u00e4hnert<\/title>\n<meta name=\"robots\" content=\"index, follow, max-snippet:-1, max-image-preview:large, max-video-preview:-1\" \/>\n<link rel=\"canonical\" href=\"https:\/\/hannes-jaehnert.de\/wordpress\/hannes-jaehnert\/publikationen\/alle-publikationen\/\" \/>\n<meta property=\"og:locale\" content=\"de_DE\" \/>\n<meta property=\"og:type\" content=\"article\" \/>\n<meta property=\"og:title\" content=\"ALLE PUBLIKATIONEN &#8902; Hannes J\u00e4hnert\" \/>\n<meta property=\"og:description\" content=\"zur\u00fcck\" \/>\n<meta property=\"og:url\" content=\"https:\/\/hannes-jaehnert.de\/wordpress\/hannes-jaehnert\/publikationen\/alle-publikationen\/\" \/>\n<meta property=\"og:site_name\" content=\"Hannes J\u00e4hnert\" \/>\n<meta property=\"article:modified_time\" content=\"2025-02-02T09:48:55+00:00\" \/>\n<meta property=\"og:image\" content=\"https:\/\/hannes-jaehnert.de\/wordpress\/wp-content\/uploads\/2018\/02\/26677890_10215106044995108_94682447952517812_o-1-1.jpg\" \/>\n\t<meta property=\"og:image:width\" content=\"1080\" \/>\n\t<meta property=\"og:image:height\" content=\"1080\" \/>\n\t<meta property=\"og:image:type\" content=\"image\/jpeg\" \/>\n<meta name=\"twitter:card\" content=\"summary_large_image\" \/>\n<meta name=\"twitter:label1\" content=\"Gesch\u00e4tzte Lesezeit\" \/>\n\t<meta name=\"twitter:data1\" content=\"6\u00a0Minuten\" \/>\n<script type=\"application\/ld+json\" class=\"yoast-schema-graph\">{\"@context\":\"https:\/\/schema.org\",\"@graph\":[{\"@type\":\"WebPage\",\"@id\":\"https:\/\/hannes-jaehnert.de\/wordpress\/hannes-jaehnert\/publikationen\/alle-publikationen\/\",\"url\":\"https:\/\/hannes-jaehnert.de\/wordpress\/hannes-jaehnert\/publikationen\/alle-publikationen\/\",\"name\":\"ALLE PUBLIKATIONEN &#8902; Hannes J\u00e4hnert\",\"isPartOf\":{\"@id\":\"https:\/\/hannes-jaehnert.de\/wordpress\/#website\"},\"primaryImageOfPage\":{\"@id\":\"https:\/\/hannes-jaehnert.de\/wordpress\/hannes-jaehnert\/publikationen\/alle-publikationen\/#primaryimage\"},\"image\":{\"@id\":\"https:\/\/hannes-jaehnert.de\/wordpress\/hannes-jaehnert\/publikationen\/alle-publikationen\/#primaryimage\"},\"thumbnailUrl\":\"https:\/\/hannes-jaehnert.de\/wordpress\/wp-content\/uploads\/2018\/02\/26677890_10215106044995108_94682447952517812_o-1-1.jpg\",\"datePublished\":\"2021-01-30T17:43:04+00:00\",\"dateModified\":\"2025-02-02T09:48:55+00:00\",\"breadcrumb\":{\"@id\":\"https:\/\/hannes-jaehnert.de\/wordpress\/hannes-jaehnert\/publikationen\/alle-publikationen\/#breadcrumb\"},\"inLanguage\":\"de\",\"potentialAction\":[{\"@type\":\"ReadAction\",\"target\":[\"https:\/\/hannes-jaehnert.de\/wordpress\/hannes-jaehnert\/publikationen\/alle-publikationen\/\"]}]},{\"@type\":\"ImageObject\",\"inLanguage\":\"de\",\"@id\":\"https:\/\/hannes-jaehnert.de\/wordpress\/hannes-jaehnert\/publikationen\/alle-publikationen\/#primaryimage\",\"url\":\"https:\/\/hannes-jaehnert.de\/wordpress\/wp-content\/uploads\/2018\/02\/26677890_10215106044995108_94682447952517812_o-1-1.jpg\",\"contentUrl\":\"https:\/\/hannes-jaehnert.de\/wordpress\/wp-content\/uploads\/2018\/02\/26677890_10215106044995108_94682447952517812_o-1-1.jpg\",\"width\":1080,\"height\":1080},{\"@type\":\"BreadcrumbList\",\"@id\":\"https:\/\/hannes-jaehnert.de\/wordpress\/hannes-jaehnert\/publikationen\/alle-publikationen\/#breadcrumb\",\"itemListElement\":[{\"@type\":\"ListItem\",\"position\":1,\"name\":\"Home\",\"item\":\"https:\/\/hannes-jaehnert.de\/wordpress\/\"},{\"@type\":\"ListItem\",\"position\":2,\"name\":\"Hannes J\u00e4hnert\",\"item\":\"https:\/\/hannes-jaehnert.de\/wordpress\/hannes-jaehnert\/\"},{\"@type\":\"ListItem\",\"position\":3,\"name\":\"Geschrieben\",\"item\":\"https:\/\/hannes-jaehnert.de\/wordpress\/hannes-jaehnert\/publikationen\/\"},{\"@type\":\"ListItem\",\"position\":4,\"name\":\"ALLE PUBLIKATIONEN\"}]},{\"@type\":\"WebSite\",\"@id\":\"https:\/\/hannes-jaehnert.de\/wordpress\/#website\",\"url\":\"https:\/\/hannes-jaehnert.de\/wordpress\/\",\"name\":\"Hannes J\u00e4hnert\",\"description\":\"Engagementblogger &amp; Freizeitforscher\",\"publisher\":{\"@id\":\"https:\/\/hannes-jaehnert.de\/wordpress\/#\/schema\/person\/1ab60f3bc0cd8e11ede09e5dc21d43b5\"},\"potentialAction\":[{\"@type\":\"SearchAction\",\"target\":{\"@type\":\"EntryPoint\",\"urlTemplate\":\"https:\/\/hannes-jaehnert.de\/wordpress\/?s={search_term_string}\"},\"query-input\":{\"@type\":\"PropertyValueSpecification\",\"valueRequired\":true,\"valueName\":\"search_term_string\"}}],\"inLanguage\":\"de\"},{\"@type\":[\"Person\",\"Organization\"],\"@id\":\"https:\/\/hannes-jaehnert.de\/wordpress\/#\/schema\/person\/1ab60f3bc0cd8e11ede09e5dc21d43b5\",\"name\":\"foulder\",\"image\":{\"@type\":\"ImageObject\",\"inLanguage\":\"de\",\"@id\":\"https:\/\/hannes-jaehnert.de\/wordpress\/wp-content\/uploads\/2021\/02\/hannes-jaehnert_gemacht.jpg\",\"url\":\"https:\/\/hannes-jaehnert.de\/wordpress\/wp-content\/uploads\/2021\/02\/hannes-jaehnert_gemacht.jpg\",\"contentUrl\":\"https:\/\/hannes-jaehnert.de\/wordpress\/wp-content\/uploads\/2021\/02\/hannes-jaehnert_gemacht.jpg\",\"width\":2000,\"height\":2000,\"caption\":\"foulder\"},\"logo\":{\"@id\":\"https:\/\/hannes-jaehnert.de\/wordpress\/wp-content\/uploads\/2021\/02\/hannes-jaehnert_gemacht.jpg\"}}]}<\/script>\n<!-- \/ Yoast SEO plugin. -->","yoast_head_json":{"title":"ALLE PUBLIKATIONEN &#8902; Hannes J\u00e4hnert","robots":{"index":"index","follow":"follow","max-snippet":"max-snippet:-1","max-image-preview":"max-image-preview:large","max-video-preview":"max-video-preview:-1"},"canonical":"https:\/\/hannes-jaehnert.de\/wordpress\/hannes-jaehnert\/publikationen\/alle-publikationen\/","og_locale":"de_DE","og_type":"article","og_title":"ALLE PUBLIKATIONEN &#8902; Hannes J\u00e4hnert","og_description":"zur\u00fcck","og_url":"https:\/\/hannes-jaehnert.de\/wordpress\/hannes-jaehnert\/publikationen\/alle-publikationen\/","og_site_name":"Hannes J\u00e4hnert","article_modified_time":"2025-02-02T09:48:55+00:00","og_image":[{"width":1080,"height":1080,"url":"https:\/\/hannes-jaehnert.de\/wordpress\/wp-content\/uploads\/2018\/02\/26677890_10215106044995108_94682447952517812_o-1-1.jpg","type":"image\/jpeg"}],"twitter_card":"summary_large_image","twitter_misc":{"Gesch\u00e4tzte Lesezeit":"6\u00a0Minuten"},"schema":{"@context":"https:\/\/schema.org","@graph":[{"@type":"WebPage","@id":"https:\/\/hannes-jaehnert.de\/wordpress\/hannes-jaehnert\/publikationen\/alle-publikationen\/","url":"https:\/\/hannes-jaehnert.de\/wordpress\/hannes-jaehnert\/publikationen\/alle-publikationen\/","name":"ALLE PUBLIKATIONEN &#8902; Hannes J\u00e4hnert","isPartOf":{"@id":"https:\/\/hannes-jaehnert.de\/wordpress\/#website"},"primaryImageOfPage":{"@id":"https:\/\/hannes-jaehnert.de\/wordpress\/hannes-jaehnert\/publikationen\/alle-publikationen\/#primaryimage"},"image":{"@id":"https:\/\/hannes-jaehnert.de\/wordpress\/hannes-jaehnert\/publikationen\/alle-publikationen\/#primaryimage"},"thumbnailUrl":"https:\/\/hannes-jaehnert.de\/wordpress\/wp-content\/uploads\/2018\/02\/26677890_10215106044995108_94682447952517812_o-1-1.jpg","datePublished":"2021-01-30T17:43:04+00:00","dateModified":"2025-02-02T09:48:55+00:00","breadcrumb":{"@id":"https:\/\/hannes-jaehnert.de\/wordpress\/hannes-jaehnert\/publikationen\/alle-publikationen\/#breadcrumb"},"inLanguage":"de","potentialAction":[{"@type":"ReadAction","target":["https:\/\/hannes-jaehnert.de\/wordpress\/hannes-jaehnert\/publikationen\/alle-publikationen\/"]}]},{"@type":"ImageObject","inLanguage":"de","@id":"https:\/\/hannes-jaehnert.de\/wordpress\/hannes-jaehnert\/publikationen\/alle-publikationen\/#primaryimage","url":"https:\/\/hannes-jaehnert.de\/wordpress\/wp-content\/uploads\/2018\/02\/26677890_10215106044995108_94682447952517812_o-1-1.jpg","contentUrl":"https:\/\/hannes-jaehnert.de\/wordpress\/wp-content\/uploads\/2018\/02\/26677890_10215106044995108_94682447952517812_o-1-1.jpg","width":1080,"height":1080},{"@type":"BreadcrumbList","@id":"https:\/\/hannes-jaehnert.de\/wordpress\/hannes-jaehnert\/publikationen\/alle-publikationen\/#breadcrumb","itemListElement":[{"@type":"ListItem","position":1,"name":"Home","item":"https:\/\/hannes-jaehnert.de\/wordpress\/"},{"@type":"ListItem","position":2,"name":"Hannes J\u00e4hnert","item":"https:\/\/hannes-jaehnert.de\/wordpress\/hannes-jaehnert\/"},{"@type":"ListItem","position":3,"name":"Geschrieben","item":"https:\/\/hannes-jaehnert.de\/wordpress\/hannes-jaehnert\/publikationen\/"},{"@type":"ListItem","position":4,"name":"ALLE PUBLIKATIONEN"}]},{"@type":"WebSite","@id":"https:\/\/hannes-jaehnert.de\/wordpress\/#website","url":"https:\/\/hannes-jaehnert.de\/wordpress\/","name":"Hannes J\u00e4hnert","description":"Engagementblogger &amp; Freizeitforscher","publisher":{"@id":"https:\/\/hannes-jaehnert.de\/wordpress\/#\/schema\/person\/1ab60f3bc0cd8e11ede09e5dc21d43b5"},"potentialAction":[{"@type":"SearchAction","target":{"@type":"EntryPoint","urlTemplate":"https:\/\/hannes-jaehnert.de\/wordpress\/?s={search_term_string}"},"query-input":{"@type":"PropertyValueSpecification","valueRequired":true,"valueName":"search_term_string"}}],"inLanguage":"de"},{"@type":["Person","Organization"],"@id":"https:\/\/hannes-jaehnert.de\/wordpress\/#\/schema\/person\/1ab60f3bc0cd8e11ede09e5dc21d43b5","name":"foulder","image":{"@type":"ImageObject","inLanguage":"de","@id":"https:\/\/hannes-jaehnert.de\/wordpress\/wp-content\/uploads\/2021\/02\/hannes-jaehnert_gemacht.jpg","url":"https:\/\/hannes-jaehnert.de\/wordpress\/wp-content\/uploads\/2021\/02\/hannes-jaehnert_gemacht.jpg","contentUrl":"https:\/\/hannes-jaehnert.de\/wordpress\/wp-content\/uploads\/2021\/02\/hannes-jaehnert_gemacht.jpg","width":2000,"height":2000,"caption":"foulder"},"logo":{"@id":"https:\/\/hannes-jaehnert.de\/wordpress\/wp-content\/uploads\/2021\/02\/hannes-jaehnert_gemacht.jpg"}}]}},"_links":{"self":[{"href":"https:\/\/hannes-jaehnert.de\/wordpress\/wp-json\/wp\/v2\/pages\/8786","targetHints":{"allow":["GET"]}}],"collection":[{"href":"https:\/\/hannes-jaehnert.de\/wordpress\/wp-json\/wp\/v2\/pages"}],"about":[{"href":"https:\/\/hannes-jaehnert.de\/wordpress\/wp-json\/wp\/v2\/types\/page"}],"author":[{"embeddable":true,"href":"https:\/\/hannes-jaehnert.de\/wordpress\/wp-json\/wp\/v2\/users\/3"}],"replies":[{"embeddable":true,"href":"https:\/\/hannes-jaehnert.de\/wordpress\/wp-json\/wp\/v2\/comments?post=8786"}],"version-history":[{"count":15,"href":"https:\/\/hannes-jaehnert.de\/wordpress\/wp-json\/wp\/v2\/pages\/8786\/revisions"}],"predecessor-version":[{"id":9614,"href":"https:\/\/hannes-jaehnert.de\/wordpress\/wp-json\/wp\/v2\/pages\/8786\/revisions\/9614"}],"up":[{"embeddable":true,"href":"https:\/\/hannes-jaehnert.de\/wordpress\/wp-json\/wp\/v2\/pages\/8569"}],"wp:featuredmedia":[{"embeddable":true,"href":"https:\/\/hannes-jaehnert.de\/wordpress\/wp-json\/wp\/v2\/media\/3510"}],"wp:attachment":[{"href":"https:\/\/hannes-jaehnert.de\/wordpress\/wp-json\/wp\/v2\/media?parent=8786"}],"curies":[{"name":"wp","href":"https:\/\/api.w.org\/{rel}","templated":true}]}}